 = 70 - 66. Suppose -o = -s*v + 156. Calculate the highest common divisor of 18 and v.
18
Let q be 3 - (-25686)/12 - 18/4. Calculate the highest common divisor of 46 and q.
23
Let w(s) = s**3 + 10*s**2 + 10*s + 19. Let y be w(-9). Suppose 125 = -y*f + 775. Calculate the highest common factor of 520 and f.
65
Let c be ((-54)/4)/9*28/(-6). Let t be (-75)/(-2)*(2 + 0/c). Suppose 46 + 4 = 2*f. What is the highest common factor of f and t?
25
Let h = 6030 + -4380. Calculate the greatest common divisor of h and 198.
66
Suppose 65 = g - 47. Suppose 0 = 4*c - h - 55, -17 = -56*c + 55*c - 3*h. Calculate the greatest common factor of c and g.
14
Let f be 7/70*55 + 1*10/4. Calculate the highest common factor of 46 and f.
2
Suppose -1266 = -16*v + 862. Let j be (-14)/v - 15966/(-57). Calculate the highest common divisor of j and 210.
70
Let d be 37 - -7*(-12)/28. What is the greatest common divisor of 42 and d?
2
Let c(y) = -83*y + 446. Let t be c(-33). Calculate the highest common divisor of 7 and t.
7
Let w = 20919 + -15987. Calculate the highest common factor of w and 72.
36
Let q(n) = 24*n**2 - 36*n + 141. Let k be q(5). What is the highest common divisor of k and 153?
51
Let a(y) = -y**2 + 7*y + 16. Suppose 5*p = 9*p - 32. Let s be a(p). Suppose 27 = q - 5. Calculate the highest common divisor of s and q.
8
Let w(j) = j**2 - 16*j - 86. Let i be w(21). Let a = 26 - i. What is the greatest common factor of a and 77?
7
Let n be 1/5 - 273/(-35). Let l be ((-18)/10)/(n/(-360)). What is the greatest common divisor of 9 and l?
9
Suppose -5*y + 4*c = -1972, -123*y + 3*c = -121*y - 786. Calculate the highest common factor of 9702 and y.
198
Suppose -63*y + 62*y - 12089 = -4*u, 9065 = 3*u - y. Calculate the highest common factor of 351 and u.
27
Suppose l + 36 = 150. Suppose -245*v - 2660 = -150*v - 130*v. Calculate the highest common divisor of v and l.
38
Let k = 54 - 54. Suppose -28*b + 16*b + 1704 = k. Suppose -5*f - 40 = -n - 11, 3*n = 4*f + b. What is the highest common factor of 18 and n?
18
Let k(x) = -119*x + 781. Let r be k(5). What is the greatest common factor of 1550 and r?
62
Let u be 1586 - ((-342)/(-456) - (-2)/8). What is the greatest common divisor of 10 and u?
5
Let o(j) = 4*j - 57. Suppose 20 = s + 5*l, -3*s - 3*l - 66 = -5*s. Let c be o(s). Calculate the highest common factor of 21 and c.
21
Let y = 119 + -116. Let v(c) = -23 + 2*c**3 + 887*c**2 - 897*c**2 - y*c**3 + 3*c. Let a be v(-11). Calculate the greatest common factor of a and 26.
13
Let a be (2/3)/(18/(-837)). Let l = 36 + a. Suppose -3*h + 6 = -3*k + h, l*k - 16 = -2*h. What is the highest common factor of k and 14?
2
Suppose h + 798*n - 2739 = 801*n, 3*h + 2*n - 8272 = 0. Calculate the greatest common divisor of h and 243.
81
Let i be (-18)/3 + 390 - 6. Calculate the highest common divisor of i and 72.
18
Let b(y) = -19*y + 24. Let o = 142 - 151. Let d be b(o). What is the greatest common factor of d and 260?
65
Let o = 576 + -574. Let d be o + 16 + -9 + 6. What is the greatest common divisor of d and 135?
15
Let p(y) be the second derivative of -y**3/2 + 23*y**2/2 - 19*y + 2. Let z be p(-20). Calculate the highest common divisor of z and 1411.
83
Let x = 3 + 2. Suppose -9*m + 6*m = -2*v - 177, 4*m - 229 = x*v. What is the highest common divisor of m and 244?
61
Let d(w) = -w**3 + 9*w**2 + 11*w + 2. Suppose 0 = -9*o + 23 + 67. Let m be d(o). Let r be (4 - 3)/6 + 766/m. What is the greatest common divisor of 8 and r?
8
Suppose 5*h - 10*h - 4*l + 17 = 0, 0 = 2*h + 5*l. Let g be ((-6)/h)/(4/(-1560)). What is the greatest common factor of 36 and g?
36
Let y(u) = 108*u - 132. Let b be y(14). Suppose 5*v + b = 5*h, 3*h - 2*v - 287 - 545 = 0. Calculate the highest common divisor of 70 and h.
70
Let w(g) = -5*g**3 - 2*g. Let u be w(-2). Let c(s) = -61*s - 4. Suppose -3*z - 21 - 3 = 0. Let v be c(z). Calculate the highest common factor of v and u.
44
Suppose -2*b + 2*n = -150, 201 - 202 = -n. Calculate the greatest common factor of 1045 and b.
19
Let x = 960 + -895. Let z = -13 - -26. Calculate the greatest common factor of z and x.
13
Suppose -2*d = -7*d + 1755. Let w = -159 + d. Calculate the highest common divisor of w and 72.
24
Let g = -1119 + 1807. What is the greatest common divisor of 4 and g?
4
Let o(l) = -10*l - 12. Let v be o(-6). Suppose v - 3 = 5*f. Let m be 156/(-546) - (1 + 16/(-7)). Calculate the greatest common divisor of f and m.
1
Let u = 524 + -786. Let l be 20/30*93*-6. Let g = u - l. Calculate the greatest common divisor of 22 and g.
22
Let t(h) = -h**3 + 2*h**2 + 28*h + 152. Let c be t(-4). What is the highest common factor of 256 and c?
8
Suppose -4*t = -16*t + 336. Suppose -4*i + 0*i = -4*w + 32, -2*w = 4*i - t. What is the highest common factor of w and 125?
5
Suppose 331*o = 715*o - 358*o - 26. Calculate the highest common divisor of 3037 and o.
1
Let p be 9 - (9/3 - 0 - -1). Suppose 26*s + 163 = 8093. Calculate the greatest common divisor of p and s.
5
Suppose 3*q - 2*x - 63 = 0, 3*q - 35*x - 66 = -32*x. Suppose -9*s + q = -413. Calculate the highest common factor of s and 108.
12
Suppose -5*l + 4*x = -522, 3*x + 2*x = -15. Suppose 4*o - f = -356, 5*f + 360 = -4*o - 20. Let a = o - -124. Calculate the highest common divisor of a and l.
34
Let s(r) = 0*r + r - 5*r + 7 + 7*r. Let g be s(9). Let j = g - -62. What is the greatest common factor of 12 and j?
12
Suppose 13764 + 2868 = 27*o. What is the highest common factor of 110 and o?
22
Let s = 17 + 20. Let u = 32 - s. Let y be (-73)/u - 24/40. What is the highest common factor of 2 and y?
2
Let w be (-4)/(-52) - 26338/(-338). What is the greatest common factor of 3744 and w?
78
Let f(b) = 2*b**3 - 26*b + 64. Let a be f(3). Calculate the highest common divisor of a and 88.
8
Suppose l - 392 = -4*m, -25*l + 2*m = -27*l + 760. What is the highest common divisor of l and 128?
8
Let k = -9052 + 9102. Calculate the highest common factor of k and 6050.
50
Let w = -3819 + 4253. What is the greatest common divisor of 62 and w?
62
Let p = 3979 - 3929. What is the highest common divisor of 70 and p?
10
Let k(l) = -6*l**2 - 102*l + 91. Let s be k(-17). Calculate the highest common factor of 14 and s.
7
Let z be (10 - 6) + 650 - -10. What is the greatest common divisor of 4 and z?
4
Let u(n) = 17*n**2 - 63*n - 96. Let t be u(12). Calculate the greatest common divisor of 57 and t.
57
Let t(i) = i**3 - 2*i**2 - 8. Let g be t(0). Let r be (-4)/(-16) + 50/g*1. Let c be 10/r*(-103 + -1 + 2). Calculate the greatest common divisor of 68 and c.
34
Suppose -9*c + 99 = 24*c. Suppose -9*d + c*d = -288. What is the greatest common factor of 16 and d?
16
Let c = 4 - 7. Let v be c/1 + (-45)/(-1). Let g(o) = o**3 + 20*o**2 - 25*o + 21. Let k be g(-21). Calculate the highest common divisor of k and v.
21
Let c(x) = -x**3 - 94*x**2 + 1268*x + 20. Let k be c(-106). What is the greatest common factor of 36 and k?
12
Suppose 266 + 2164 = 11*w - w. What is the greatest common divisor of 9 and w?
9
Suppose 17*c = 20*c - 459. Let j(l) = -l**3 - 54*l**2 + 44*l - 571. Let z be j(-55). What is the greatest common factor of z and c?
17
Let w be (-5 - 11)/(-4) - (-3000)/4. Calculate the highest common factor of w and 494.
26
Suppose -1215*f = -1211*f + t - 2, -2*f + 4*t + 28 = 0. Calculate the highest common factor of 158 and f.
2
Let l = 14562 - 14549. Let o(a) = -132*a - 1. Let w be o(-1). Let s = 196 - w. Calculate the highest common factor of s and l.
13
Suppose 0 = 120*o - 125*o + 3*t + 6499, 2*o - 2606 = 2*t. What is the highest common factor of 148 and o?
37
Suppose 78*p - 6*p - 6336 = 0. Calculate the greatest common divisor of p and 506.
22
Let w(o) be the third derivative of o**5/60 - o**4/24 - 9*o**3 - 45*o**2. Let x be w(-9). Calculate the highest common factor of 432 and x.
36
Suppose 0 = 4*z - 2*w - 176, -55 - 131 = -4*z - 3*w. Calculate the greatest common divisor of z and 36.
9
Let m(i) = 3 - 12*i - 20 + 53*i. Let d be m(1). Calculate the highest common factor of 18 and d.
6
Suppose -1998 = 17*g - 8662. Let c = 560 - g. Let q(i) = 3*i**3 - 2*i + 1. Let j be q(2). Calculate the highest common divisor of j and c.
21
Let z(f) = -7*f**2 + f + 1. Let a be z(1). Let w be a/(-6)*-4 + (-22)/(-66). Let x be (-4 - 0 - -3) + (w - -38). What is